2 + 5*q**3/3 - 15*q**2/2 + 20*q. Let a be x(7). Give k(a).
7
Let i be (-1)/5 + 4/20. Suppose i = -4*x - x + 5. Let k(y) = -4 - 3 - y - y + x. What is k(-7)?
8
Let t(w) = 3*w - 25. Suppose 4*u - 2*p - 14 = 0, 0 = -8*u + 3*u - p + 35. Calculate t(u).
-7
Let g(k) be the first derivative of k**5/40 + k**4/8 + k**3 - 3. Let m(w) be the third derivative of g(w). Let v be 55/11*6/(-10). What is m(v)?
-6
Let o(s) = 52*s + 8. Let u be o(0). Let c(v) = -v - 2. Give c(u).
-10
Let z(p) = p**3 + 8*p**2 + 6*p - 5. Suppose -8*l - h - 11 = -4*l, -4*l - 13 = -h. Let u(s) = 2*s - 1. Let d be u(l). Give z(d).
2
Let a(t) = -t**3 + 4*t**2 + 21*t + 1. Let q(w) = -w**3 + 7*w**2 - 8*w + 19. Let z be q(6). Give a(z).
1
Let c(x) = -37*x + 75*x - 39*x + 3*x**2. Let y(r) = -r**3 - 8*r**2 - 1. Let k be y(-8). Calculate c(k).
4
Let v(f) be the second derivative of -2*f**3/3 - 3*f**2/2 - 51*f - 2. Calculate v(-4).
13
Let r = 36 + -36. Let u(p) = -7 + p**2 + 6 - 2*p**2. Give u(r).
-1
Let m(n) = -n**3 - 6*n**2 - n - 6. Let p(x) be the first derivative of -3*x**4/4 - 17*x**3/3 - 3*x**2/2 - 17*x - 3. Let t(c) = 8*m(c) - 3*p(c). What is t(-3)?
0
Let u(j) = -2*j - 1. Suppose -3*t = -t - 3*d + 5, -2*d - 3 = 5*t. Let z be -8*3/12*t. Let h be z/16 + (-75)/24. Calculate u(h).
5
Let b(q) = q**3 - 4*q**2 + q + 3. Suppose 3*d - 3*c = 21, 16*d - 11*d = -5*c + 5. Calculate b(d).
7
Let l be 2/(-10) - (-4)/20. Let b(d) = -d**3 + d**2 + d + 2. Let n be b(l). Let r(a) = -8*a + 6 + a**2 - a + n*a. Determine r(6).
0
Let b(y) = y**2 + y + 4. Let s(p) = 2*p**2 + 2*p + 8. Let w(i) = -7*b(i) + 4*s(i). Let r be w(0). Let h(t) = t**3 - 4*t**2 + t - 2. What is h(r)?
2
Let s(t) = t**3 - t**2 - t + 1. Let n(q) = -q**3 - 2*q**2 + q - 2. Let f be n(-3). Suppose b - 3 = f. Suppose -b + 2 = 5*l, 5 = 4*u - l. Calculate s(u).
0
Suppose 0 = 1282*c - 1267*c + 60. Let j(a) = -2*a + 4. What is j(c)?
12
Let x be (-9)/(-15)*(800/(-12))/(-10). Let n(g) be the third derivative of -g**3 + 0 - 1/24*g**x + 1/120*g**6 + 0*g - 1/60*g**5 + 2*g**2. What is n(0)?
-6
Let t(p) = -p**2 + 14*p - 12. Let h(r) = 2*r**3 + 2*r**2 - 5*r + 14. Let g be h(0). Give t(g).
-12
Suppose -3*o - 13 = -34. Let k(d) = d - 18. Calculate k(o).
-11
Let b(z) = -z + 1. Let y = 3 + -1. Let j be (y/(-8))/((-5)/20). What is b(j)?
0
Suppose -10 = -4*h + 6, 3*h = 3*s + 48. Let r(b) = 6*b + 5. Calculate r(s).
-67
Let x(k) = 2*k - 4. Let t be x(4). Let v(l) = t - 1 - 2 + 4*l. Let h = 40 + -42. Give v(h).
-7
Let u(g) = 22*g**3 + g**2 - 2*g - 1. Let l(a) = -43*a**3 - 2*a**2 + 3*a + 2. Let q(w) = 3*l(w) + 5*u(w). Determine q(1).
-20
Let f(x) be the first derivative of 0*x**2 - 1/120*x**5 + 5/24*x**4 - 8/3*x**3 - 7 + 0*x + 1/360*x**6. Let g(n) be the third derivative of f(n). Calculate g(0).
5
Let c(n) = -319*n**2 + 157*n**2 + 8*n + 13 + 161*n**2. Give c(9).
4
Let j = 13 + -19. Let t = 8 + j. Let x(r) = 4 + 8*r + 7*r - 20*r - r**t. Determine x(-6).
-2
Suppose 0 = 5*q - 10, 3*f - 2*q + 7 + 6 = 0. Let i(w) = -w**3 - 10*w**2 + 7*w + 5. Let o(v) = -v**2. Let c(k) = f*o(k) + i(k). Give c(-8).
13
Let y = 917 + -929. Let w(z) = -z**2 - 9*z. Determine w(y).
-36
Let b(s) = 1534*s**2 + 0 - 1 - 1526*s**2 + 0*s - 6*s - s**3. What is b(7)?
6
Let t(y) be the third derivative of y**4/24 + 5*y**3/2 - 27*y**2. Give t(-11).
4
Let x(o) = -910*o + o**2 + 1816*o + 11 - 899*o. Let d(u) be the second derivative of u**4/12 + 7*u**3/6 + 6*u**2 + u. Let z(a) = -5*d(a) + 6*x(a). Give z(-7).
6
Let n(c) = 4*c**2 - c - 1. Let v be n(-1). Let a = -9 + v. Let l(h) = h + 6. Calculate l(a).
1
Suppose 0 = c - 6*c, 0 = v + 2*c - 1. Let w(j) = -23 + 11 + 13 - 20*j. What is w(v)?
-19
Suppose -2*r - 4*y = 28, -3*y + 9 - 3 = 0. Let c be (-4)/5*(-45)/r. Let w(n) be the third derivative of n**4/24 + 2*n**3/3 + 63*n**2. Give w(c).
2
Let h(z) = -3*z**3 - 3*z**2 - z - 12. Let g(l) = 2*l**3 + 2*l**2 + l + 11. Let b(p) = -4*g(p) - 3*h(p). What is b(0)?
-8
Let x(z) = -z**3 + 2*z**2 + 3*z + 5. Suppose 48 = -0*i - 2*i. Let p be (70/42)/((-10)/i). Determine x(p).
-15
Let b(y) = -y**3 - 11*y**2 - 6*y - 10. Let g(s) = s**3 - 8*s**2 + 7*s. Let t be g(2). Calculate b(t).
-50
Let z(l) = 7*l + 25. Let a = 1781 - 1785. Determine z(a).
-3
Let u(p) = p + 14. Suppose c - 3 = -0. Suppose c*i - 4 = -4*h, -h + 3 = -i + 2*h. Let q = i + 0. What is u(q)?
14
Let s(j) = j**3 - 6*j**2 + 3*j - 8. Suppose -2*b - 2*k = -4, 4*k + 4 = 5*b - 3*b. Suppose 0 = f + b*v + v - 21, -5*f + 45 = 3*v. Determine s(f).
10
Let v(b) = b - 6. Suppose -2*h - 2*r = -40, 0 = -0*h + 3*h - 3*r - 60. Suppose -16*y = -h*y + 20. Determine v(y).
-1
Let j(d) = d**2 + 9*d + 8. Let a be (-31)/(0 + -1)*-1. Let i be 21 + a - (2 - 3)*4. Calculate j(i).
-10
Let l(j) be the second derivative of j**4/12 - 2*j**3/3 - 7*j**2/2 - 86*j. Determine l(5).
-2
Let b(i) be the second derivative of i**4/12 - 2*i**3/3 - 11*i**2/2 + 22*i + 1. Determine b(8).
21
Suppose -2*l = -4*t - 14, 0*l - 2*t - 10 = 2*l. Let q(g) = 1. Let m(p) = -6*p + 8. Let u be 210/(-24) - (-9)/12. Let z(h) = u*q(h) + m(h). Give z(l).
6
Let f(x) be the third derivative of x**7/1008 - x**6/720 + x**5/30 + 4*x**2. Let a(r) be the third derivative of f(r). Calculate a(2).
9
Let a(v) = -2*v**2 - 3*v + 7. Let w(b) = -3*b**2 - 3*b + 8. Let g(s) = -4*a(s) + 3*w(s). What is g(3)?
-4
Let y be 1/7 - 7239/399. Let h(v) = 2*v**2 + 36*v + 9. Calculate h(y).
9
Let d(a) = 2*a**2 + 11*a + 6. Suppose 2*n = k + 4*n - 6, k - 4*n = -24. Determine d(k).
-6
Suppose -14 = 2*y - 4*o - 32, 0 = 3*y + 2*o - 3. Let c(a) be the first derivative of -4/3*a**y + 4 - 6*a + 3/2*a**2 + 1/4*a**4. What is c(4)?
6
Let z(r) be the second derivative of 1/6*r**3 - 1/10*r**5 + 0*r**4 + 1/120*r**6 + 13*r - 1/2*r**2 + 0. Let v(y) be the first derivative of z(y). Give v(6).
1
Let m(t) = -88*t - 4*t**3 + t**2 - 92*t - 2 + 3 + 178*t. Suppose 5*c - 1 = 4*c. Give m(c).
-4
Suppose 0 = -2*s - 3*l + 12 - 1, 3*s = 2*l + 10. Let a(c) = c**3 - 7*c**2 + 5*c + 2. What is a(s)?
-26
Let y(s) = 3*s - s**3 + 16 + s - 3*s + 24*s**2 - 36*s**2. Let g be y(-12). Let w(b) = 0 + 9*b - 4*b - g*b + 10. What is w(-5)?
5
Let k(t) = t**3 + 3*t**2 - 2*t - 3. Suppose 4*w = -20, -3*w - 6 = 5*i - 1. Suppose i = -3*y + 11. Suppose -y = 7*h - 6*h. Give k(h).
3
Let r(x) be the second derivative of -7*x**3/6 - 3*x**2/2 - 40*x + 2. Give r(-4).
25
Suppose m = 5*h - m + 14, -2*h - 4*m = -4. Let t(a) = a - 6. Let j(y) = 4. Let z(p) = -7*j(p) - 4*t(p). Let n be z(h). Let k(u) = 2*u - 6. Calculate k(n).
2
Let w(s) = 5*s**2 - 4*s + 4. Suppose 217 = -11*x + 239. Give w(x).
16
Let w be (-6)/27 + 129/(-27). Let a(o) = -21*o + 3 - 20*o + 40*o. Give a(w).
8
Let i be 5*8/(-60)*(-30)/(-4). Let s(n) be the first derivative of n**5/60 + 7*n**4/24 - n**2 + 2. Let b(w) be the second derivative of s(w). Determine b(i).
-10
Let h be (39/6)/((-32)/64). Let b(r) = -5*r - 62. Determine b(h).
3
Let h(d) = -4*d**2 - 3*d + d + d**3 - d. Suppose -3*y = 2*y - 65. Let u = 18 - y. What is h(u)?
10
Let b(q) = -q + 11. Let z = 347 + -347. Calculate b(z).
11
Let n be (3/12)/(2/8). Let s(y) = -y**2 + 2*y - 1. Let k be s(n). Let b(f) be the third derivative of f**4/24 - f**2. Calculate b(k).
0
Let l = 168 + -168. Let u(h) = -h + 11. Give u(l).
11
Let i(s) be the second derivative of 0 + 2/3*s**4 + 7/2*s**2 + 28*s - 1/20*s**5 - 4/3*s**3. Determine i(7).
0
Let i(r) = -r**3 + r - 6. Suppose -a = 4, 0 = -3*d + 5*a + 24 - 4. Determine i(d).
-6
Let s(w) = 2*w**2 + 25*w - 13*w - 21*w. Calculate s(6).
18
Let f be ((-24)/(-3))/4 + 0/(-2). Suppose 0 = n + f*n - 3. Let r(m) = -8*m**2 + 8*m - 7. Let d(o) = 7*o**2 - 7*o + 6. Let y(v) = -7*d(v) - 6*r(v). Give y(n).
0
Let n(u) be the third derivative of -u**5/60 - u**4/24 - 4*u**3/3 - 5*u**2 + 72. What is n(0)?
-8
Let l(q) = 4*q - 19. Suppose -9 = -3*c, -5*p + 32 = -0*p - c. Give l(p).
9
Let z(r) be the second derivative of 1/6*r**3 + 0 - 1/6*r**4 - 1/30*r**5 - 5*r + 0*r**2 + 1/180*r**6. Let b(m) be the second derivative of z(m). What is b(4)?
12
Let x = -47 + 66. Let i = x + -17. Suppose -15 = 2*a + i*z + 3*z, 3*z + 9 = a. Let v(l) = l + 8. Determine v(a).
8
Let a = -2 + -2. Let k = a + 4. Let x(j) = j**3 - j**2 - j + 3. Calculate x(k).
3
Let i(d) = -2*d - 8. Suppose 8 = 22*u - 80. Give i(u).
-16
Let c(h) = -h**2 + 9*h + 9. Let l(i) = -i**3 - 9*i**2 - 14*i + 10. Suppose -6*f 